{"id":176,"date":"2020-04-14T15:21:49","date_gmt":"2020-04-14T15:21:49","guid":{"rendered":"http:\/\/104.155.22.190\/?page_id=176"},"modified":"2020-06-06T13:55:12","modified_gmt":"2020-06-06T13:55:12","slug":"csaladi-jog","status":"publish","type":"page","link":"https:\/\/vadaszandras.hu\/index.php\/csaladi-jog\/","title":{"rendered":"Csal\u00e1di jog"},"content":{"rendered":"\n<p class=\"has-text-align-justify\">Ha \u00fagy l\u00e1tja, hogy jelenleg helyzet\u00e9b\u0151l a h\u00e1zass\u00e1g\u00e1nak felbont\u00e1sa jelenti az egyetlen kiutat, akkor mindenekel\u0151tt arr\u00f3l kell d\u00f6ntenie, hogy hogyan szeretn\u00e9 rendezni a k\u00f6z\u00f6s gyermek vagy gyermekek sz\u00fcl\u0151i fel\u00fcgyeleti jog\u00e1nak gyakorl\u00e1s\u00e1t, a k\u00fcl\u00f6n\u00e9l\u0151 sz\u00fcl\u0151 \u00e9s a gyermek k\u00f6z\u00f6tti kapcsolattart\u00e1st, a tart\u00e1sd\u00edj \u00f6sszeg\u00e9t \u00e9s megfizet\u00e9s\u00e9t \u00e9s a h\u00e1zast\u00e1rs\u00e1val k\u00f6z\u00f6s lakhely\u00e9nek haszn\u00e1lat\u00e1t. A h\u00e1zass\u00e1gi bont\u00f3pernek nem t\u00e1rgya a h\u00e1zass\u00e1gi vagyonk\u00f6z\u00f6ss\u00e9g megoszt\u00e1sa, de c\u00e9lszer\u0171, hogy egy\u00fattal t\u00e1j\u00e9koz\u00f3djon ezzel kapcsolatos lehet\u0151s\u00e9geir\u0151l is.<\/p>\n\n\n\n<p class=\"has-text-align-justify\">Amennyiben \u00d6nnek az az els\u0151dleges c\u00e9lja, hogy a peres elj\u00e1r\u00e1st felhaszn\u00e1lva h\u00e1zast\u00e1rs\u00e1t a betonba d\u00f6ng\u00f6lje, \u00e9s megbosszulja a vele t\u00f6lt\u00f6tt \u00e9vek sor\u00e1n felgy\u00fclemlett \u00f6sszes s\u00e9relm\u00e9t, akkor nem \u00e9n vagyok az \u00d6n \u00fcgyv\u00e9dje. Ellenben, ha k\u00e9pesnek \u00e9rzi mag\u00e1t az eg\u00e9szs\u00e9ges kompromisszumra, \u00e9s az a c\u00e9lja, hogy a lehet\u0151 legkevesebb s\u00e9r\u00fcl\u00e9ssel, a lehets\u00e9ges legr\u00f6videbb id\u0151 alatt maga m\u00f6g\u00f6tt tudva ezt a kr\u00edzist folytathassa az \u00e9let\u00e9t, akkor ezen c\u00e9lja el\u00e9r\u00e9s\u00e9ben seg\u00edteni fogom. <\/p>\n\n\n\n<p class=\"has-text-align-justify\">Term\u00e9szetesen m\u00e1s t\u00edpus\u00fa h\u00e1zass\u00e1gi, sz\u00e1rmaz\u00e1si, sz\u00fcl\u0151i fel\u00fcgyelettel kapcsolatos perben val\u00f3 k\u00e9pviseletet is v\u00e1llalok, bele\u00e9rtve a kiskor\u00fa gyermek tart\u00e1sa ir\u00e1nti vagy az apas\u00e1g meg\u00e1llap\u00edt\u00e1sa ir\u00e1nti pert is.<\/p>\n\n\n\n<p><\/p>\n","protected":false},"excerpt":{"rendered":"<p>Ha \u00fagy l\u00e1tja, hogy jelenleg helyzet\u00e9b\u0151l a h\u00e1zass\u00e1g\u00e1nak felbont\u00e1sa jelenti az egyetlen kiutat, akkor mindenekel\u0151tt arr\u00f3l kell d\u00f6ntenie, hogy hogyan szeretn\u00e9 rendezni a k\u00f6z\u00f6s gyermek vagy gyermekek sz\u00fcl\u0151i fel\u00fcgyeleti jog\u00e1nak gyakorl\u00e1s\u00e1t, a k\u00fcl\u00f6n\u00e9l\u0151 sz\u00fcl\u0151 \u00e9s a gyermek k\u00f6z\u00f6tti kapcsolattart\u00e1st, a tart\u00e1sd\u00edj \u00f6sszeg\u00e9t \u00e9s megfizet\u00e9s\u00e9t \u00e9s a h\u00e1zast\u00e1rs\u00e1val k\u00f6z\u00f6s lakhely\u00e9nek haszn\u00e1lat\u00e1t. A h\u00e1zass\u00e1gi bont\u00f3pernek nem t\u00e1rgya [&hellip;]<\/p>\n","protected":false},"author":1,"featured_media":0,"parent":0,"menu_order":0,"comment_status":"closed","ping_status":"closed","template":"","meta":{"_editorskit_title_hidden":false,"_editorskit_reading_time":1,"_editorskit_is_block_options_detached":false,"_editorskit_block_options_position":"{}","footnotes":""},"class_list":["post-176","page","type-page","status-publish","hentry"],"yoast_head":"<!-- This site is optimized with the Yoast SEO Premium plugin v24.7 (Yoast SEO v24.7) - https:\/\/yoast.com\/wordpress\/plugins\/seo\/ -->\n<title>Csal\u00e1di jog - dr. Vad\u00e1sz Andr\u00e1s<\/title>\n<meta name=\"description\" content=\"K\u00e9pviselet h\u00e1zass\u00e1gi bont\u00f3perben, \u00e9s m\u00e1s csal\u00e1djogi elj\u00e1r\u00e1sokban els\u0151sorban D\u00e9l-Pesten.\" \/>\n<meta name=\"robots\" content=\"index, follow, max-snippet:-1, max-image-preview:large, max-video-preview:-1\" \/>\n<link rel=\"canonical\" href=\"https:\/\/vadaszandras.hu\/index.php\/csaladi-jog\/\" \/>\n<meta property=\"og:locale\" content=\"hu_HU\" \/>\n<meta property=\"og:type\" content=\"article\" \/>\n<meta property=\"og:title\" content=\"Csal\u00e1di jog\" \/>\n<meta property=\"og:description\" content=\"K\u00e9pviselet h\u00e1zass\u00e1gi bont\u00f3perben, \u00e9s m\u00e1s csal\u00e1djogi elj\u00e1r\u00e1sokban els\u0151sorban D\u00e9l-Pesten.\" \/>\n<meta property=\"og:url\" content=\"https:\/\/vadaszandras.hu\/index.php\/csaladi-jog\/\" \/>\n<meta property=\"og:site_name\" content=\"dr. Vad\u00e1sz Andr\u00e1s\" \/>\n<meta property=\"article:modified_time\" content=\"2020-06-06T13:55:12+00:00\" \/>\n<meta name=\"twitter:card\" content=\"summary_large_image\" \/>\n<meta name=\"twitter:label1\" content=\"Becs\u00fclt olvas\u00e1si id\u0151\" \/>\n\t<meta name=\"twitter:data1\" content=\"1 perc\" \/>\n<script type=\"application\/ld+json\" class=\"yoast-schema-graph\">{\"@context\":\"https:\/\/schema.org\",\"@graph\":[{\"@type\":\"WebPage\",\"@id\":\"https:\/\/vadaszandras.hu\/index.php\/csaladi-jog\/\",\"url\":\"https:\/\/vadaszandras.hu\/index.php\/csaladi-jog\/\",\"name\":\"Csal\u00e1di jog - dr. Vad\u00e1sz Andr\u00e1s\",\"isPartOf\":{\"@id\":\"https:\/\/vadaszandras.hu\/#website\"},\"datePublished\":\"2020-04-14T15:21:49+00:00\",\"dateModified\":\"2020-06-06T13:55:12+00:00\",\"description\":\"K\u00e9pviselet h\u00e1zass\u00e1gi bont\u00f3perben, \u00e9s m\u00e1s csal\u00e1djogi elj\u00e1r\u00e1sokban els\u0151sorban D\u00e9l-Pesten.\",\"inLanguage\":\"hu\",\"potentialAction\":[{\"@type\":\"ReadAction\",\"target\":[\"https:\/\/vadaszandras.hu\/index.php\/csaladi-jog\/\"]}]},{\"@type\":\"WebSite\",\"@id\":\"https:\/\/vadaszandras.hu\/#website\",\"url\":\"https:\/\/vadaszandras.hu\/\",\"name\":\"dr. Vad\u00e1sz Andr\u00e1s\",\"description\":\"\",\"publisher\":{\"@id\":\"https:\/\/vadaszandras.hu\/#\/schema\/person\/b07396c76375f0ad7415333033d4659b\"},\"potentialAction\":[{\"@type\":\"SearchAction\",\"target\":{\"@type\":\"EntryPoint\",\"urlTemplate\":\"https:\/\/vadaszandras.hu\/?s={search_term_string}\"},\"query-input\":{\"@type\":\"PropertyValueSpecification\",\"valueRequired\":true,\"valueName\":\"search_term_string\"}}],\"inLanguage\":\"hu\"},{\"@type\":[\"Person\",\"Organization\"],\"@id\":\"https:\/\/vadaszandras.hu\/#\/schema\/person\/b07396c76375f0ad7415333033d4659b\",\"name\":\"admin\",\"image\":{\"@type\":\"ImageObject\",\"inLanguage\":\"hu\",\"@id\":\"https:\/\/vadaszandras.hu\/#\/schema\/person\/image\/\",\"url\":\"http:\/\/vadaszandras.hu\/wp-content\/uploads\/2020\/04\/icon.png\",\"contentUrl\":\"http:\/\/vadaszandras.hu\/wp-content\/uploads\/2020\/04\/icon.png\",\"width\":512,\"height\":512,\"caption\":\"admin\"},\"logo\":{\"@id\":\"https:\/\/vadaszandras.hu\/#\/schema\/person\/image\/\"},\"sameAs\":[\"http:\/\/104.155.22.190\"]}]}<\/script>\n<!-- \/ Yoast SEO Premium plugin. -->","yoast_head_json":{"title":"Csal\u00e1di jog - dr. Vad\u00e1sz Andr\u00e1s","description":"K\u00e9pviselet h\u00e1zass\u00e1gi bont\u00f3perben, \u00e9s m\u00e1s csal\u00e1djogi elj\u00e1r\u00e1sokban els\u0151sorban D\u00e9l-Pesten.","robots":{"index":"index","follow":"follow","max-snippet":"max-snippet:-1","max-image-preview":"max-image-preview:large","max-video-preview":"max-video-preview:-1"},"canonical":"https:\/\/vadaszandras.hu\/index.php\/csaladi-jog\/","og_locale":"hu_HU","og_type":"article","og_title":"Csal\u00e1di jog","og_description":"K\u00e9pviselet h\u00e1zass\u00e1gi bont\u00f3perben, \u00e9s m\u00e1s csal\u00e1djogi elj\u00e1r\u00e1sokban els\u0151sorban D\u00e9l-Pesten.","og_url":"https:\/\/vadaszandras.hu\/index.php\/csaladi-jog\/","og_site_name":"dr. Vad\u00e1sz Andr\u00e1s","article_modified_time":"2020-06-06T13:55:12+00:00","twitter_card":"summary_large_image","twitter_misc":{"Becs\u00fclt olvas\u00e1si id\u0151":"1 perc"},"schema":{"@context":"https:\/\/schema.org","@graph":[{"@type":"WebPage","@id":"https:\/\/vadaszandras.hu\/index.php\/csaladi-jog\/","url":"https:\/\/vadaszandras.hu\/index.php\/csaladi-jog\/","name":"Csal\u00e1di jog - dr. Vad\u00e1sz Andr\u00e1s","isPartOf":{"@id":"https:\/\/vadaszandras.hu\/#website"},"datePublished":"2020-04-14T15:21:49+00:00","dateModified":"2020-06-06T13:55:12+00:00","description":"K\u00e9pviselet h\u00e1zass\u00e1gi bont\u00f3perben, \u00e9s m\u00e1s csal\u00e1djogi elj\u00e1r\u00e1sokban els\u0151sorban D\u00e9l-Pesten.","inLanguage":"hu","potentialAction":[{"@type":"ReadAction","target":["https:\/\/vadaszandras.hu\/index.php\/csaladi-jog\/"]}]},{"@type":"WebSite","@id":"https:\/\/vadaszandras.hu\/#website","url":"https:\/\/vadaszandras.hu\/","name":"dr. Vad\u00e1sz Andr\u00e1s","description":"","publisher":{"@id":"https:\/\/vadaszandras.hu\/#\/schema\/person\/b07396c76375f0ad7415333033d4659b"},"potentialAction":[{"@type":"SearchAction","target":{"@type":"EntryPoint","urlTemplate":"https:\/\/vadaszandras.hu\/?s={search_term_string}"},"query-input":{"@type":"PropertyValueSpecification","valueRequired":true,"valueName":"search_term_string"}}],"inLanguage":"hu"},{"@type":["Person","Organization"],"@id":"https:\/\/vadaszandras.hu\/#\/schema\/person\/b07396c76375f0ad7415333033d4659b","name":"admin","image":{"@type":"ImageObject","inLanguage":"hu","@id":"https:\/\/vadaszandras.hu\/#\/schema\/person\/image\/","url":"http:\/\/vadaszandras.hu\/wp-content\/uploads\/2020\/04\/icon.png","contentUrl":"http:\/\/vadaszandras.hu\/wp-content\/uploads\/2020\/04\/icon.png","width":512,"height":512,"caption":"admin"},"logo":{"@id":"https:\/\/vadaszandras.hu\/#\/schema\/person\/image\/"},"sameAs":["http:\/\/104.155.22.190"]}]}},"_links":{"self":[{"href":"https:\/\/vadaszandras.hu\/index.php\/wp-json\/wp\/v2\/pages\/176","targetHints":{"allow":["GET"]}}],"collection":[{"href":"https:\/\/vadaszandras.hu\/index.php\/wp-json\/wp\/v2\/pages"}],"about":[{"href":"https:\/\/vadaszandras.hu\/index.php\/wp-json\/wp\/v2\/types\/page"}],"author":[{"embeddable":true,"href":"https:\/\/vadaszandras.hu\/index.php\/wp-json\/wp\/v2\/users\/1"}],"replies":[{"embeddable":true,"href":"https:\/\/vadaszandras.hu\/index.php\/wp-json\/wp\/v2\/comments?post=176"}],"version-history":[{"count":2,"href":"https:\/\/vadaszandras.hu\/index.php\/wp-json\/wp\/v2\/pages\/176\/revisions"}],"predecessor-version":[{"id":188,"href":"https:\/\/vadaszandras.hu\/index.php\/wp-json\/wp\/v2\/pages\/176\/revisions\/188"}],"wp:attachment":[{"href":"https:\/\/vadaszandras.hu\/index.php\/wp-json\/wp\/v2\/media?parent=176"}],"curies":[{"name":"wp","href":"https:\/\/api.w.org\/{rel}","templated":true}]}}