{"id":2,"date":"2020-04-03T18:31:13","date_gmt":"2020-04-03T18:31:13","guid":{"rendered":"http:\/\/104.155.22.190\/?page_id=2"},"modified":"2020-06-06T15:12:26","modified_gmt":"2020-06-06T15:12:26","slug":"magamrol","status":"publish","type":"page","link":"https:\/\/vadaszandras.hu\/index.php\/magamrol\/","title":{"rendered":"Magamr\u00f3l"},"content":{"rendered":"\n<figure class=\"wp-block-image size-large\"><img loading=\"lazy\" decoding=\"async\" width=\"683\" height=\"1024\" src=\"http:\/\/158.101.173.122\/wp-content\/uploads\/2020\/04\/Dr_Vadasz_Andras-1-683x1024.jpg\" alt=\"\" class=\"wp-image-207\" srcset=\"https:\/\/vadaszandras.hu\/wp-content\/uploads\/2020\/04\/Dr_Vadasz_Andras-1-683x1024.jpg 683w, https:\/\/vadaszandras.hu\/wp-content\/uploads\/2020\/04\/Dr_Vadasz_Andras-1-200x300.jpg 200w, https:\/\/vadaszandras.hu\/wp-content\/uploads\/2020\/04\/Dr_Vadasz_Andras-1-768x1152.jpg 768w, https:\/\/vadaszandras.hu\/wp-content\/uploads\/2020\/04\/Dr_Vadasz_Andras-1-1024x1536.jpg 1024w, https:\/\/vadaszandras.hu\/wp-content\/uploads\/2020\/04\/Dr_Vadasz_Andras-1-1365x2048.jpg 1365w, https:\/\/vadaszandras.hu\/wp-content\/uploads\/2020\/04\/Dr_Vadasz_Andras-1-1200x1800.jpg 1200w, https:\/\/vadaszandras.hu\/wp-content\/uploads\/2020\/04\/Dr_Vadasz_Andras-1-1980x2970.jpg 1980w, https:\/\/vadaszandras.hu\/wp-content\/uploads\/2020\/04\/Dr_Vadasz_Andras-1-scaled.jpg 1707w\" sizes=\"auto, (max-width: 683px) 100vw, 683px\" \/><\/figure>\n\n\n\n<p class=\"has-text-align-justify\">M\u00e1sod\u00e9ves joghallgat\u00f3 koromt\u00f3l \u00fcgyv\u00e9di irod\u00e1ban dolgoztam. Az egyetem elv\u00e9gz\u00e9se ut\u00e1n \u00fcgyv\u00e9djel\u00f6ltk\u00e9nt t\u00f6lt\u00f6ttem 3 \u00e9ves gyakorlati id\u0151met. A szakvizsga let\u00e9tele \u00f3ta vagyok egy\u00e9ni \u00fcgyv\u00e9d imm\u00e1r 18 \u00e9ve. Vil\u00e1g\u00e9letemben ezt a munk\u00e1t csin\u00e1ltam, s ha rajtam m\u00falik ezt is fogom csin\u00e1lni. Mivel a P\u00e9nz\u00fcgyi \u00e9s Sz\u00e1mviteli F\u0151iskol\u00e1t is elv\u00e9geztem, nem ijedek meg akkor sem, ha egy f\u0151k\u00f6nyvi kivonat vagy egy m\u00e9rleg ker\u00fcl a szemem el\u00e9. Szeretek egyed\u00fcl dolgozni. Ennek h\u00e1tr\u00e1nya egyben az el\u0151nye is, jeles\u00fcl, hogy az \u00fcgyfeleimnek nem kell szembes\u00fclni\u00fck azzal, hogy az irodavezet\u0151 \u00fcgyv\u00e9det csak akkor l\u00e1tj\u00e1k, amikor az \u00e1tveszi a munkad\u00edjat, s fogalmuk sincs r\u00f3la, hogy val\u00f3j\u00e1ban ki dolgozik helyette. Eny\u00e9m a felel\u0151ss\u00e9g a legutols\u00f3 r\u00e9szletig.<\/p>\n\n\n\n<p class=\"has-text-align-justify\">Ha a dolgokat lecsupasz\u00edtjuk \u00e9s megszabad\u00edtjuk a fellengz\u0151s retorik\u00e1t\u00f3l, akkor l\u00e1thatjuk, hogy egy \u00fcgyv\u00e9di iroda l\u00e9nyeg\u00e9ben egy bolt, ahol a jogszab\u00e1lyok ismerete az a nagy \u00e9rt\u00e9k\u0171 \u00e1ru, ami csak \u00fcgyv\u00e9dekn\u00e9l szerezhet\u0151 be, s erre az \u00e1rura \u00d6nnek is sz\u00fcks\u00e9ge van.<\/p>\n","protected":false},"excerpt":{"rendered":"<p>M\u00e1sod\u00e9ves joghallgat\u00f3 koromt\u00f3l \u00fcgyv\u00e9di irod\u00e1ban dolgoztam. Az egyetem elv\u00e9gz\u00e9se ut\u00e1n \u00fcgyv\u00e9djel\u00f6ltk\u00e9nt t\u00f6lt\u00f6ttem 3 \u00e9ves gyakorlati id\u0151met. A szakvizsga let\u00e9tele \u00f3ta vagyok egy\u00e9ni \u00fcgyv\u00e9d imm\u00e1r 18 \u00e9ve. Vil\u00e1g\u00e9letemben ezt a munk\u00e1t csin\u00e1ltam, s ha rajtam m\u00falik ezt is fogom csin\u00e1lni. Mivel a P\u00e9nz\u00fcgyi \u00e9s Sz\u00e1mviteli F\u0151iskol\u00e1t is elv\u00e9geztem, nem ijedek meg akkor sem, ha egy f\u0151k\u00f6nyvi [&hellip;]<\/p>\n","protected":false},"author":1,"featured_media":0,"parent":0,"menu_order":0,"comment_status":"closed","ping_status":"open","template":"","meta":{"_editorskit_title_hidden":false,"_editorskit_reading_time":1,"_editorskit_is_block_options_detached":false,"_editorskit_block_options_position":"{}","footnotes":""},"class_list":["post-2","page","type-page","status-publish","hentry"],"yoast_head":"<!-- This site is optimized with the Yoast SEO Premium plugin v24.7 (Yoast SEO v24.7) - https:\/\/yoast.com\/wordpress\/plugins\/seo\/ -->\n<title>Magamr\u00f3l - dr. Vad\u00e1sz Andr\u00e1s<\/title>\n<meta name=\"description\" content=\"Vegyes profil\u00fa \u00fcgyv\u00e9d D\u00e9l-Pesten jogi seg\u00edts\u00e9get ny\u00fajt b\u00fcntet\u0151jog, csal\u00e1di jog, polg\u00e1ri jog, ingatlanjog, t\u00e1rsas\u00e1gi jog ter\u00fclet\u00e9n.\" \/>\n<meta name=\"robots\" content=\"index, follow, max-snippet:-1, max-image-preview:large, max-video-preview:-1\" \/>\n<link rel=\"canonical\" href=\"https:\/\/vadaszandras.hu\/index.php\/magamrol\/\" \/>\n<meta property=\"og:locale\" content=\"hu_HU\" \/>\n<meta property=\"og:type\" content=\"article\" \/>\n<meta property=\"og:title\" content=\"Magamr\u00f3l\" \/>\n<meta property=\"og:description\" content=\"Vegyes profil\u00fa \u00fcgyv\u00e9d D\u00e9l-Pesten jogi seg\u00edts\u00e9get ny\u00fajt b\u00fcntet\u0151jog, csal\u00e1di jog, polg\u00e1ri jog, ingatlanjog, t\u00e1rsas\u00e1gi jog ter\u00fclet\u00e9n.\" \/>\n<meta property=\"og:url\" content=\"https:\/\/vadaszandras.hu\/index.php\/magamrol\/\" \/>\n<meta property=\"og:site_name\" content=\"dr. Vad\u00e1sz Andr\u00e1s\" \/>\n<meta property=\"article:modified_time\" content=\"2020-06-06T15:12:26+00:00\" \/>\n<meta property=\"og:image\" content=\"http:\/\/158.101.173.122\/wp-content\/uploads\/2020\/04\/Dr_Vadasz_Andras-1-683x1024.jpg\" \/>\n<meta name=\"twitter:card\" content=\"summary_large_image\" \/>\n<meta name=\"twitter:label1\" content=\"Becs\u00fclt olvas\u00e1si id\u0151\" \/>\n\t<meta name=\"twitter:data1\" content=\"1 perc\" \/>\n<script type=\"application\/ld+json\" class=\"yoast-schema-graph\">{\"@context\":\"https:\/\/schema.org\",\"@graph\":[{\"@type\":\"WebPage\",\"@id\":\"https:\/\/vadaszandras.hu\/index.php\/magamrol\/\",\"url\":\"https:\/\/vadaszandras.hu\/index.php\/magamrol\/\",\"name\":\"Magamr\u00f3l - dr. Vad\u00e1sz Andr\u00e1s\",\"isPartOf\":{\"@id\":\"https:\/\/vadaszandras.hu\/#website\"},\"primaryImageOfPage\":{\"@id\":\"https:\/\/vadaszandras.hu\/index.php\/magamrol\/#primaryimage\"},\"image\":{\"@id\":\"https:\/\/vadaszandras.hu\/index.php\/magamrol\/#primaryimage\"},\"thumbnailUrl\":\"http:\/\/158.101.173.122\/wp-content\/uploads\/2020\/04\/Dr_Vadasz_Andras-1-683x1024.jpg\",\"datePublished\":\"2020-04-03T18:31:13+00:00\",\"dateModified\":\"2020-06-06T15:12:26+00:00\",\"description\":\"Vegyes profil\u00fa \u00fcgyv\u00e9d D\u00e9l-Pesten jogi seg\u00edts\u00e9get ny\u00fajt b\u00fcntet\u0151jog, csal\u00e1di jog, polg\u00e1ri jog, ingatlanjog, t\u00e1rsas\u00e1gi jog ter\u00fclet\u00e9n.\",\"inLanguage\":\"hu\",\"potentialAction\":[{\"@type\":\"ReadAction\",\"target\":[\"https:\/\/vadaszandras.hu\/index.php\/magamrol\/\"]}]},{\"@type\":\"ImageObject\",\"inLanguage\":\"hu\",\"@id\":\"https:\/\/vadaszandras.hu\/index.php\/magamrol\/#primaryimage\",\"url\":\"http:\/\/158.101.173.122\/wp-content\/uploads\/2020\/04\/Dr_Vadasz_Andras-1-683x1024.jpg\",\"contentUrl\":\"http:\/\/158.101.173.122\/wp-content\/uploads\/2020\/04\/Dr_Vadasz_Andras-1-683x1024.jpg\"},{\"@type\":\"WebSite\",\"@id\":\"https:\/\/vadaszandras.hu\/#website\",\"url\":\"https:\/\/vadaszandras.hu\/\",\"name\":\"dr. Vad\u00e1sz Andr\u00e1s\",\"description\":\"\",\"publisher\":{\"@id\":\"https:\/\/vadaszandras.hu\/#\/schema\/person\/b07396c76375f0ad7415333033d4659b\"},\"potentialAction\":[{\"@type\":\"SearchAction\",\"target\":{\"@type\":\"EntryPoint\",\"urlTemplate\":\"https:\/\/vadaszandras.hu\/?s={search_term_string}\"},\"query-input\":{\"@type\":\"PropertyValueSpecification\",\"valueRequired\":true,\"valueName\":\"search_term_string\"}}],\"inLanguage\":\"hu\"},{\"@type\":[\"Person\",\"Organization\"],\"@id\":\"https:\/\/vadaszandras.hu\/#\/schema\/person\/b07396c76375f0ad7415333033d4659b\",\"name\":\"admin\",\"image\":{\"@type\":\"ImageObject\",\"inLanguage\":\"hu\",\"@id\":\"https:\/\/vadaszandras.hu\/#\/schema\/person\/image\/\",\"url\":\"http:\/\/vadaszandras.hu\/wp-content\/uploads\/2020\/04\/icon.png\",\"contentUrl\":\"http:\/\/vadaszandras.hu\/wp-content\/uploads\/2020\/04\/icon.png\",\"width\":512,\"height\":512,\"caption\":\"admin\"},\"logo\":{\"@id\":\"https:\/\/vadaszandras.hu\/#\/schema\/person\/image\/\"},\"sameAs\":[\"http:\/\/104.155.22.190\"]}]}<\/script>\n<!-- \/ Yoast SEO Premium plugin. -->","yoast_head_json":{"title":"Magamr\u00f3l - dr. Vad\u00e1sz Andr\u00e1s","description":"Vegyes profil\u00fa \u00fcgyv\u00e9d D\u00e9l-Pesten jogi seg\u00edts\u00e9get ny\u00fajt b\u00fcntet\u0151jog, csal\u00e1di jog, polg\u00e1ri jog, ingatlanjog, t\u00e1rsas\u00e1gi jog ter\u00fclet\u00e9n.","robots":{"index":"index","follow":"follow","max-snippet":"max-snippet:-1","max-image-preview":"max-image-preview:large","max-video-preview":"max-video-preview:-1"},"canonical":"https:\/\/vadaszandras.hu\/index.php\/magamrol\/","og_locale":"hu_HU","og_type":"article","og_title":"Magamr\u00f3l","og_description":"Vegyes profil\u00fa \u00fcgyv\u00e9d D\u00e9l-Pesten jogi seg\u00edts\u00e9get ny\u00fajt b\u00fcntet\u0151jog, csal\u00e1di jog, polg\u00e1ri jog, ingatlanjog, t\u00e1rsas\u00e1gi jog ter\u00fclet\u00e9n.","og_url":"https:\/\/vadaszandras.hu\/index.php\/magamrol\/","og_site_name":"dr. Vad\u00e1sz Andr\u00e1s","article_modified_time":"2020-06-06T15:12:26+00:00","og_image":[{"url":"http:\/\/158.101.173.122\/wp-content\/uploads\/2020\/04\/Dr_Vadasz_Andras-1-683x1024.jpg","type":"","width":"","height":""}],"twitter_card":"summary_large_image","twitter_misc":{"Becs\u00fclt olvas\u00e1si id\u0151":"1 perc"},"schema":{"@context":"https:\/\/schema.org","@graph":[{"@type":"WebPage","@id":"https:\/\/vadaszandras.hu\/index.php\/magamrol\/","url":"https:\/\/vadaszandras.hu\/index.php\/magamrol\/","name":"Magamr\u00f3l - dr. Vad\u00e1sz Andr\u00e1s","isPartOf":{"@id":"https:\/\/vadaszandras.hu\/#website"},"primaryImageOfPage":{"@id":"https:\/\/vadaszandras.hu\/index.php\/magamrol\/#primaryimage"},"image":{"@id":"https:\/\/vadaszandras.hu\/index.php\/magamrol\/#primaryimage"},"thumbnailUrl":"http:\/\/158.101.173.122\/wp-content\/uploads\/2020\/04\/Dr_Vadasz_Andras-1-683x1024.jpg","datePublished":"2020-04-03T18:31:13+00:00","dateModified":"2020-06-06T15:12:26+00:00","description":"Vegyes profil\u00fa \u00fcgyv\u00e9d D\u00e9l-Pesten jogi seg\u00edts\u00e9get ny\u00fajt b\u00fcntet\u0151jog, csal\u00e1di jog, polg\u00e1ri jog, ingatlanjog, t\u00e1rsas\u00e1gi jog ter\u00fclet\u00e9n.","inLanguage":"hu","potentialAction":[{"@type":"ReadAction","target":["https:\/\/vadaszandras.hu\/index.php\/magamrol\/"]}]},{"@type":"ImageObject","inLanguage":"hu","@id":"https:\/\/vadaszandras.hu\/index.php\/magamrol\/#primaryimage","url":"http:\/\/158.101.173.122\/wp-content\/uploads\/2020\/04\/Dr_Vadasz_Andras-1-683x1024.jpg","contentUrl":"http:\/\/158.101.173.122\/wp-content\/uploads\/2020\/04\/Dr_Vadasz_Andras-1-683x1024.jpg"},{"@type":"WebSite","@id":"https:\/\/vadaszandras.hu\/#website","url":"https:\/\/vadaszandras.hu\/","name":"dr. Vad\u00e1sz Andr\u00e1s","description":"","publisher":{"@id":"https:\/\/vadaszandras.hu\/#\/schema\/person\/b07396c76375f0ad7415333033d4659b"},"potentialAction":[{"@type":"SearchAction","target":{"@type":"EntryPoint","urlTemplate":"https:\/\/vadaszandras.hu\/?s={search_term_string}"},"query-input":{"@type":"PropertyValueSpecification","valueRequired":true,"valueName":"search_term_string"}}],"inLanguage":"hu"},{"@type":["Person","Organization"],"@id":"https:\/\/vadaszandras.hu\/#\/schema\/person\/b07396c76375f0ad7415333033d4659b","name":"admin","image":{"@type":"ImageObject","inLanguage":"hu","@id":"https:\/\/vadaszandras.hu\/#\/schema\/person\/image\/","url":"http:\/\/vadaszandras.hu\/wp-content\/uploads\/2020\/04\/icon.png","contentUrl":"http:\/\/vadaszandras.hu\/wp-content\/uploads\/2020\/04\/icon.png","width":512,"height":512,"caption":"admin"},"logo":{"@id":"https:\/\/vadaszandras.hu\/#\/schema\/person\/image\/"},"sameAs":["http:\/\/104.155.22.190"]}]}},"_links":{"self":[{"href":"https:\/\/vadaszandras.hu\/index.php\/wp-json\/wp\/v2\/pages\/2","targetHints":{"allow":["GET"]}}],"collection":[{"href":"https:\/\/vadaszandras.hu\/index.php\/wp-json\/wp\/v2\/pages"}],"about":[{"href":"https:\/\/vadaszandras.hu\/index.php\/wp-json\/wp\/v2\/types\/page"}],"author":[{"embeddable":true,"href":"https:\/\/vadaszandras.hu\/index.php\/wp-json\/wp\/v2\/users\/1"}],"replies":[{"embeddable":true,"href":"https:\/\/vadaszandras.hu\/index.php\/wp-json\/wp\/v2\/comments?post=2"}],"version-history":[{"count":15,"href":"https:\/\/vadaszandras.hu\/index.php\/wp-json\/wp\/v2\/pages\/2\/revisions"}],"predecessor-version":[{"id":240,"href":"https:\/\/vadaszandras.hu\/index.php\/wp-json\/wp\/v2\/pages\/2\/revisions\/240"}],"wp:attachment":[{"href":"https:\/\/vadaszandras.hu\/index.php\/wp-json\/wp\/v2\/media?parent=2"}],"curies":[{"name":"wp","href":"https:\/\/api.w.org\/{rel}","templated":true}]}}