{"id":22,"date":"2020-04-03T18:47:15","date_gmt":"2020-04-03T18:47:15","guid":{"rendered":"http:\/\/104.155.22.190\/?page_id=22"},"modified":"2020-06-06T16:36:14","modified_gmt":"2020-06-06T16:36:14","slug":"kapcsolat","status":"publish","type":"page","link":"https:\/\/vadaszandras.hu\/index.php\/kapcsolat\/","title":{"rendered":"Kapcsolat"},"content":{"rendered":"\n<p>Irod\u00e1m c\u00edme: 1107 Budapest, Z\u00e1gr\u00e1bi utca 15. II. em. 7.<\/p>\n\n\n\n<figure><iframe loading=\"lazy\" src=\"https:\/\/www.google.com\/maps\/embed?pb=!1m18!1m12!1m3!1d1348.547798066311!2d19.120409513639306!3d47.468566536767284!2m3!1f0!2f0!3f0!3m2!1i1024!2i768!4f13.1!3m3!1m2!1s0x0%3A0x920c9907d07c70db!2zRHIuIFZhZMOhc3ogQW5kcsOhcyDDvGd5dsOpZA!5e0!3m2!1shu!2shu!4v1591461210576!5m2!1shu!2shu\" style=\"border:0;\" allowfullscreen=\"\" aria-hidden=\"false\" tabindex=\"0\" width=\"600\" height=\"450\" frameborder=\"0\"><\/iframe><\/figure>\n\n\n\n<p>Telefonsz\u00e1mom: <a href=\"tel:+36308573114\" class=\"ek-link\">+36-30-8573114<\/a><\/p>\n\n\n\n<p>E-mail c\u00edmem: <a href=\"mailto:dr.vadasz@t-online.hu\" class=\"ek-link\">dr.vadasz@t-online.hu<\/a><\/p>\n\n\n\n<figure class=\"wp-block-image size-large\"><img loading=\"lazy\" decoding=\"async\" width=\"1024\" height=\"768\" src=\"http:\/\/104.155.22.190\/wp-content\/uploads\/2020\/04\/elerthetosegek-1024x768.jpg\" alt=\"\" class=\"wp-image-199\" srcset=\"https:\/\/vadaszandras.hu\/wp-content\/uploads\/2020\/04\/elerthetosegek-1024x768.jpg 1024w, https:\/\/vadaszandras.hu\/wp-content\/uploads\/2020\/04\/elerthetosegek-300x225.jpg 300w, https:\/\/vadaszandras.hu\/wp-content\/uploads\/2020\/04\/elerthetosegek-768x576.jpg 768w, https:\/\/vadaszandras.hu\/wp-content\/uploads\/2020\/04\/elerthetosegek-1536x1152.jpg 1536w, https:\/\/vadaszandras.hu\/wp-content\/uploads\/2020\/04\/elerthetosegek-2048x1536.jpg 2048w, https:\/\/vadaszandras.hu\/wp-content\/uploads\/2020\/04\/elerthetosegek-1200x900.jpg 1200w, https:\/\/vadaszandras.hu\/wp-content\/uploads\/2020\/04\/elerthetosegek-1980x1485.jpg 1980w\" sizes=\"auto, (max-width: 1024px) 100vw, 1024px\" \/><\/figure>\n","protected":false},"excerpt":{"rendered":"<p>Irod\u00e1m c\u00edme: 1107 Budapest, Z\u00e1gr\u00e1bi utca 15. II. em. 7. Telefonsz\u00e1mom: +36-30-8573114 E-mail c\u00edmem: dr.vadasz@t-online.hu<\/p>\n","protected":false},"author":1,"featured_media":0,"parent":0,"menu_order":0,"comment_status":"closed","ping_status":"closed","template":"","meta":{"_editorskit_title_hidden":false,"_editorskit_reading_time":1,"_editorskit_is_block_options_detached":false,"_editorskit_block_options_position":"{}","footnotes":""},"class_list":["post-22","page","type-page","status-publish","hentry"],"yoast_head":"<!-- This site is optimized with the Yoast SEO Premium plugin v24.7 (Yoast SEO v24.7) - https:\/\/yoast.com\/wordpress\/plugins\/seo\/ -->\n<title>Kapcsolat - dr. Vad\u00e1sz Andr\u00e1s<\/title>\n<meta name=\"description\" content=\"\u00dcgyv\u00e9di iroda c\u00edme:1107 Budapest, Z\u00e1gr\u00e1bi utca 15. II. em. 7. Telefon:06-30-8573114, E-mail:dr.vadasz@t-online.hu\" \/>\n<meta name=\"robots\" content=\"index, follow, max-snippet:-1, max-image-preview:large, max-video-preview:-1\" \/>\n<link rel=\"canonical\" href=\"https:\/\/vadaszandras.hu\/index.php\/kapcsolat\/\" \/>\n<meta property=\"og:locale\" content=\"hu_HU\" \/>\n<meta property=\"og:type\" content=\"article\" \/>\n<meta property=\"og:title\" content=\"Kapcsolat\" \/>\n<meta property=\"og:description\" content=\"\u00dcgyv\u00e9di iroda c\u00edme:1107 Budapest, Z\u00e1gr\u00e1bi utca 15. II. em. 7. Telefon:06-30-8573114, E-mail:dr.vadasz@t-online.hu\" \/>\n<meta property=\"og:url\" content=\"https:\/\/vadaszandras.hu\/index.php\/kapcsolat\/\" \/>\n<meta property=\"og:site_name\" content=\"dr. Vad\u00e1sz Andr\u00e1s\" \/>\n<meta property=\"article:modified_time\" content=\"2020-06-06T16:36:14+00:00\" \/>\n<meta property=\"og:image\" content=\"http:\/\/104.155.22.190\/wp-content\/uploads\/2020\/04\/elerthetosegek-1024x768.jpg\" \/>\n<meta name=\"twitter:card\" content=\"summary_large_image\" \/>\n<script type=\"application\/ld+json\" class=\"yoast-schema-graph\">{\"@context\":\"https:\/\/schema.org\",\"@graph\":[{\"@type\":\"WebPage\",\"@id\":\"https:\/\/vadaszandras.hu\/index.php\/kapcsolat\/\",\"url\":\"https:\/\/vadaszandras.hu\/index.php\/kapcsolat\/\",\"name\":\"Kapcsolat - dr. Vad\u00e1sz Andr\u00e1s\",\"isPartOf\":{\"@id\":\"https:\/\/vadaszandras.hu\/#website\"},\"primaryImageOfPage\":{\"@id\":\"https:\/\/vadaszandras.hu\/index.php\/kapcsolat\/#primaryimage\"},\"image\":{\"@id\":\"https:\/\/vadaszandras.hu\/index.php\/kapcsolat\/#primaryimage\"},\"thumbnailUrl\":\"http:\/\/104.155.22.190\/wp-content\/uploads\/2020\/04\/elerthetosegek-1024x768.jpg\",\"datePublished\":\"2020-04-03T18:47:15+00:00\",\"dateModified\":\"2020-06-06T16:36:14+00:00\",\"description\":\"\u00dcgyv\u00e9di iroda c\u00edme:1107 Budapest, Z\u00e1gr\u00e1bi utca 15. II. em. 7. Telefon:06-30-8573114, E-mail:dr.vadasz@t-online.hu\",\"inLanguage\":\"hu\",\"potentialAction\":[{\"@type\":\"ReadAction\",\"target\":[\"https:\/\/vadaszandras.hu\/index.php\/kapcsolat\/\"]}]},{\"@type\":\"ImageObject\",\"inLanguage\":\"hu\",\"@id\":\"https:\/\/vadaszandras.hu\/index.php\/kapcsolat\/#primaryimage\",\"url\":\"http:\/\/104.155.22.190\/wp-content\/uploads\/2020\/04\/elerthetosegek-1024x768.jpg\",\"contentUrl\":\"http:\/\/104.155.22.190\/wp-content\/uploads\/2020\/04\/elerthetosegek-1024x768.jpg\"},{\"@type\":\"WebSite\",\"@id\":\"https:\/\/vadaszandras.hu\/#website\",\"url\":\"https:\/\/vadaszandras.hu\/\",\"name\":\"dr. Vad\u00e1sz Andr\u00e1s\",\"description\":\"\",\"publisher\":{\"@id\":\"https:\/\/vadaszandras.hu\/#\/schema\/person\/b07396c76375f0ad7415333033d4659b\"},\"potentialAction\":[{\"@type\":\"SearchAction\",\"target\":{\"@type\":\"EntryPoint\",\"urlTemplate\":\"https:\/\/vadaszandras.hu\/?s={search_term_string}\"},\"query-input\":{\"@type\":\"PropertyValueSpecification\",\"valueRequired\":true,\"valueName\":\"search_term_string\"}}],\"inLanguage\":\"hu\"},{\"@type\":[\"Person\",\"Organization\"],\"@id\":\"https:\/\/vadaszandras.hu\/#\/schema\/person\/b07396c76375f0ad7415333033d4659b\",\"name\":\"admin\",\"image\":{\"@type\":\"ImageObject\",\"inLanguage\":\"hu\",\"@id\":\"https:\/\/vadaszandras.hu\/#\/schema\/person\/image\/\",\"url\":\"http:\/\/vadaszandras.hu\/wp-content\/uploads\/2020\/04\/icon.png\",\"contentUrl\":\"http:\/\/vadaszandras.hu\/wp-content\/uploads\/2020\/04\/icon.png\",\"width\":512,\"height\":512,\"caption\":\"admin\"},\"logo\":{\"@id\":\"https:\/\/vadaszandras.hu\/#\/schema\/person\/image\/\"},\"sameAs\":[\"http:\/\/104.155.22.190\"]}]}<\/script>\n<!-- \/ Yoast SEO Premium plugin. -->","yoast_head_json":{"title":"Kapcsolat - dr. Vad\u00e1sz Andr\u00e1s","description":"\u00dcgyv\u00e9di iroda c\u00edme:1107 Budapest, Z\u00e1gr\u00e1bi utca 15. II. em. 7. Telefon:06-30-8573114, E-mail:dr.vadasz@t-online.hu","robots":{"index":"index","follow":"follow","max-snippet":"max-snippet:-1","max-image-preview":"max-image-preview:large","max-video-preview":"max-video-preview:-1"},"canonical":"https:\/\/vadaszandras.hu\/index.php\/kapcsolat\/","og_locale":"hu_HU","og_type":"article","og_title":"Kapcsolat","og_description":"\u00dcgyv\u00e9di iroda c\u00edme:1107 Budapest, Z\u00e1gr\u00e1bi utca 15. II. em. 7. Telefon:06-30-8573114, E-mail:dr.vadasz@t-online.hu","og_url":"https:\/\/vadaszandras.hu\/index.php\/kapcsolat\/","og_site_name":"dr. Vad\u00e1sz Andr\u00e1s","article_modified_time":"2020-06-06T16:36:14+00:00","og_image":[{"url":"http:\/\/104.155.22.190\/wp-content\/uploads\/2020\/04\/elerthetosegek-1024x768.jpg","type":"","width":"","height":""}],"twitter_card":"summary_large_image","schema":{"@context":"https:\/\/schema.org","@graph":[{"@type":"WebPage","@id":"https:\/\/vadaszandras.hu\/index.php\/kapcsolat\/","url":"https:\/\/vadaszandras.hu\/index.php\/kapcsolat\/","name":"Kapcsolat - dr. Vad\u00e1sz Andr\u00e1s","isPartOf":{"@id":"https:\/\/vadaszandras.hu\/#website"},"primaryImageOfPage":{"@id":"https:\/\/vadaszandras.hu\/index.php\/kapcsolat\/#primaryimage"},"image":{"@id":"https:\/\/vadaszandras.hu\/index.php\/kapcsolat\/#primaryimage"},"thumbnailUrl":"http:\/\/104.155.22.190\/wp-content\/uploads\/2020\/04\/elerthetosegek-1024x768.jpg","datePublished":"2020-04-03T18:47:15+00:00","dateModified":"2020-06-06T16:36:14+00:00","description":"\u00dcgyv\u00e9di iroda c\u00edme:1107 Budapest, Z\u00e1gr\u00e1bi utca 15. II. em. 7. Telefon:06-30-8573114, E-mail:dr.vadasz@t-online.hu","inLanguage":"hu","potentialAction":[{"@type":"ReadAction","target":["https:\/\/vadaszandras.hu\/index.php\/kapcsolat\/"]}]},{"@type":"ImageObject","inLanguage":"hu","@id":"https:\/\/vadaszandras.hu\/index.php\/kapcsolat\/#primaryimage","url":"http:\/\/104.155.22.190\/wp-content\/uploads\/2020\/04\/elerthetosegek-1024x768.jpg","contentUrl":"http:\/\/104.155.22.190\/wp-content\/uploads\/2020\/04\/elerthetosegek-1024x768.jpg"},{"@type":"WebSite","@id":"https:\/\/vadaszandras.hu\/#website","url":"https:\/\/vadaszandras.hu\/","name":"dr. Vad\u00e1sz Andr\u00e1s","description":"","publisher":{"@id":"https:\/\/vadaszandras.hu\/#\/schema\/person\/b07396c76375f0ad7415333033d4659b"},"potentialAction":[{"@type":"SearchAction","target":{"@type":"EntryPoint","urlTemplate":"https:\/\/vadaszandras.hu\/?s={search_term_string}"},"query-input":{"@type":"PropertyValueSpecification","valueRequired":true,"valueName":"search_term_string"}}],"inLanguage":"hu"},{"@type":["Person","Organization"],"@id":"https:\/\/vadaszandras.hu\/#\/schema\/person\/b07396c76375f0ad7415333033d4659b","name":"admin","image":{"@type":"ImageObject","inLanguage":"hu","@id":"https:\/\/vadaszandras.hu\/#\/schema\/person\/image\/","url":"http:\/\/vadaszandras.hu\/wp-content\/uploads\/2020\/04\/icon.png","contentUrl":"http:\/\/vadaszandras.hu\/wp-content\/uploads\/2020\/04\/icon.png","width":512,"height":512,"caption":"admin"},"logo":{"@id":"https:\/\/vadaszandras.hu\/#\/schema\/person\/image\/"},"sameAs":["http:\/\/104.155.22.190"]}]}},"_links":{"self":[{"href":"https:\/\/vadaszandras.hu\/index.php\/wp-json\/wp\/v2\/pages\/22","targetHints":{"allow":["GET"]}}],"collection":[{"href":"https:\/\/vadaszandras.hu\/index.php\/wp-json\/wp\/v2\/pages"}],"about":[{"href":"https:\/\/vadaszandras.hu\/index.php\/wp-json\/wp\/v2\/types\/page"}],"author":[{"embeddable":true,"href":"https:\/\/vadaszandras.hu\/index.php\/wp-json\/wp\/v2\/users\/1"}],"replies":[{"embeddable":true,"href":"https:\/\/vadaszandras.hu\/index.php\/wp-json\/wp\/v2\/comments?post=22"}],"version-history":[{"count":6,"href":"https:\/\/vadaszandras.hu\/index.php\/wp-json\/wp\/v2\/pages\/22\/revisions"}],"predecessor-version":[{"id":248,"href":"https:\/\/vadaszandras.hu\/index.php\/wp-json\/wp\/v2\/pages\/22\/revisions\/248"}],"wp:attachment":[{"href":"https:\/\/vadaszandras.hu\/index.php\/wp-json\/wp\/v2\/media?parent=22"}],"curies":[{"name":"wp","href":"https:\/\/api.w.org\/{rel}","templated":true}]}}