{"id":47,"date":"2020-04-06T17:41:58","date_gmt":"2020-04-06T17:41:58","guid":{"rendered":"http:\/\/104.155.22.190\/?page_id=47"},"modified":"2021-07-12T18:07:16","modified_gmt":"2021-07-12T18:07:16","slug":"szolgaltatasaim","status":"publish","type":"page","link":"https:\/\/vadaszandras.hu\/index.php\/szolgaltatasaim\/","title":{"rendered":"Szolg\u00e1ltat\u00e1saim"},"content":{"rendered":"\n<div class=\"wp-block-columns is-layout-flex wp-container-core-columns-is-layout-9d6595d7 wp-block-columns-is-layout-flex\">\n<div class=\"wp-block-column is-layout-flow wp-block-column-is-layout-flow\">\n<figure class=\"wp-block-image size-large\"><a href=\"http:\/\/vadaszandras.hu\/index.php\/szolgaltatasaim#tanacs\"><img decoding=\"async\" src=\"http:\/\/vadaszandras.hu\/wp-content\/uploads\/2020\/04\/festm\u00e9ny-3-1024x771.jpg\" alt=\"\"\/><\/a><\/figure>\n\n\n\n<p><a href=\"http:\/\/vadaszandras.hu\/index.php\/szolgaltatasaim#tanacs\" class=\"ek-link\">Jogi tan\u00e1csad\u00e1s<\/a><\/p>\n<\/div>\n\n\n\n<div class=\"wp-block-column is-layout-flow wp-block-column-is-layout-flow\">\n<figure class=\"wp-block-image size-large\"><a href=\"http:\/\/vadaszandras.hu\/index.php\/szolgaltatasaim#kepviselet\"><img decoding=\"async\" src=\"http:\/\/vadaszandras.hu\/wp-content\/uploads\/2020\/04\/festm\u00e9ny-2-1024x793.jpg\" alt=\"\"\/><\/a><\/figure>\n\n\n\n<p><a href=\"http:\/\/vadaszandras.hu\/index.php\/szolgaltatasaim#kepviselet\" class=\"ek-link\">Jogi k\u00e9pviselet<\/a><\/p>\n<\/div>\n\n\n\n<div class=\"wp-block-column is-layout-flow wp-block-column-is-layout-flow\">\n<figure class=\"wp-block-image size-large\"><a href=\"http:\/\/vadaszandras.hu\/index.php\/szolgaltatasaim#okirat\"><img decoding=\"async\" src=\"http:\/\/vadaszandras.hu\/wp-content\/uploads\/2020\/04\/festm\u00e9ny-1-1024x783.jpg\" alt=\"\"\/><\/a><\/figure>\n\n\n\n<p><a href=\"http:\/\/vadaszandras.hu\/index.php\/szolgaltatasaim#okirat\" class=\"ek-link\">Okiratszerkeszt\u00e9s<\/a><\/p>\n<\/div>\n<\/div>\n\n\n\n<hr class=\"wp-block-separator\"\/>\n\n\n\n<figure class=\"wp-block-image size-large\"><img loading=\"lazy\" decoding=\"async\" width=\"1024\" height=\"771\" src=\"http:\/\/104.155.22.190\/wp-content\/uploads\/2020\/04\/festm\u00e9ny-3-1024x771.jpg\" alt=\"\" class=\"wp-image-55\" srcset=\"https:\/\/vadaszandras.hu\/wp-content\/uploads\/2020\/04\/festm\u00e9ny-3-1024x771.jpg 1024w, https:\/\/vadaszandras.hu\/wp-content\/uploads\/2020\/04\/festm\u00e9ny-3-300x226.jpg 300w, https:\/\/vadaszandras.hu\/wp-content\/uploads\/2020\/04\/festm\u00e9ny-3-768x578.jpg 768w, https:\/\/vadaszandras.hu\/wp-content\/uploads\/2020\/04\/festm\u00e9ny-3-1536x1156.jpg 1536w, https:\/\/vadaszandras.hu\/wp-content\/uploads\/2020\/04\/festm\u00e9ny-3-2048x1542.jpg 2048w, https:\/\/vadaszandras.hu\/wp-content\/uploads\/2020\/04\/festm\u00e9ny-3-1200x903.jpg 1200w, https:\/\/vadaszandras.hu\/wp-content\/uploads\/2020\/04\/festm\u00e9ny-3-1980x1490.jpg 1980w\" sizes=\"auto, (max-width: 1024px) 100vw, 1024px\" \/><\/figure>\n\n\n\n<h2 class=\"wp-block-heading\" id=\"tanacs\">Jogi tan\u00e1csad\u00e1s<\/h2>\n\n\n\n<p class=\"has-text-align-justify .type-post p {text-align: justify; }\">Tulajdonk\u00e9ppen minden \u00fcgyv\u00e9di k\u00e9pviseletre ir\u00e1nyul\u00f3 megb\u00edz\u00e1st tan\u00e1csad\u00e1s el\u0151z meg, de nem minden jogi tan\u00e1csad\u00e1st kell k\u00f6vetnie megb\u00edz\u00e1snak. A tan\u00e1csad\u00e1s c\u00e9lja, hogy az ott kapott r\u00e9szletes inform\u00e1ci\u00f3k alapj\u00e1n \u00d6n eld\u00f6nthesse, hogy merre haladjon tov\u00e1bb. Lehet, hogy a tan\u00e1csad\u00e1s alapj\u00e1n kider\u00fcl, hogy az \u00d6n helyzet\u00e9ben nincs sz\u00fcks\u00e9g tov\u00e1bbi jogi l\u00e9p\u00e9sek megt\u00e9tel\u00e9re, de az is kider\u00fclhet, hogy azonnali beavatkoz\u00e1sra van sz\u00fcks\u00e9g, hogy anyagi vesztes\u00e9gt\u0151l vagy m\u00e1s jogh\u00e1tr\u00e1nyt\u00f3l meg\u00f3vhassam. Ne ker\u00fclj\u00f6n olyan helyzetbe, hogy azzal szembes\u00fclj\u00f6n, hogy az\u00e9rt nem tudok seg\u00edteni, mert nem fordult id\u0151ben hozz\u00e1m.<br>\n<a class=\"to-the-top\" href=\"#site-header\">\n<span class=\"to-the-top-long\">\n\tLap tetej\u00e9re <span class=\"arrow\" aria-hidden=\"true\">\u2191<\/span>\n<\/span><!-- .to-the-top-long -->\n<span class=\"to-the-top-short\">\n\tFel <span class=\"arrow\" aria-hidden=\"true\">\u2191<\/span>\n<\/span><!--.to-the-top-short -->\n<\/a><!-- .to-the-top --><\/p>\n\n\n\n<hr class=\"wp-block-separator\"\/>\n\n\n\n<figure class=\"wp-block-image size-large\"><img loading=\"lazy\" decoding=\"async\" width=\"1024\" height=\"793\" src=\"http:\/\/104.155.22.190\/wp-content\/uploads\/2020\/04\/festm\u00e9ny-2-1024x793.jpg\" alt=\"\" class=\"wp-image-54\" srcset=\"https:\/\/vadaszandras.hu\/wp-content\/uploads\/2020\/04\/festm\u00e9ny-2-1024x793.jpg 1024w, https:\/\/vadaszandras.hu\/wp-content\/uploads\/2020\/04\/festm\u00e9ny-2-300x232.jpg 300w, https:\/\/vadaszandras.hu\/wp-content\/uploads\/2020\/04\/festm\u00e9ny-2-768x595.jpg 768w, https:\/\/vadaszandras.hu\/wp-content\/uploads\/2020\/04\/festm\u00e9ny-2-1536x1190.jpg 1536w, https:\/\/vadaszandras.hu\/wp-content\/uploads\/2020\/04\/festm\u00e9ny-2-2048x1587.jpg 2048w, https:\/\/vadaszandras.hu\/wp-content\/uploads\/2020\/04\/festm\u00e9ny-2-1200x930.jpg 1200w, https:\/\/vadaszandras.hu\/wp-content\/uploads\/2020\/04\/festm\u00e9ny-2-1980x1534.jpg 1980w\" sizes=\"auto, (max-width: 1024px) 100vw, 1024px\" \/><\/figure>\n\n\n\n<h2 class=\"wp-block-heading\" id=\"kepviselet\">Jogi k\u00e9pviselet<\/h2>\n\n\n\n<p class=\"has-text-align-justify\">A jogi k\u00e9pviselet megb\u00edz\u00e1si szerz\u0151d\u00e9sen alapul\u00f3 bizalmi jogviszony, melyben \u00d6n megosztja velem az \u00f6sszes rendelkez\u00e9s\u00e9re \u00e1ll\u00f3 inform\u00e1ci\u00f3t a jogi probl\u00e9m\u00e1j\u00e1val kapcsolatban, \u00e9n meg hozz\u00e1teszem a szak\u00e9rtelmemet, \u00edgy biztos\u00edtjuk egym\u00e1s sz\u00e1m\u00e1ra, hogy egyik\u00fcnket se \u00e9rhesse olyan meglepet\u00e9s az \u00fcgy vitele sor\u00e1n, melyre nem k\u00e9sz\u00fclt\u00fcnk egy\u00fctt fel. A jogi k\u00e9pviselet ir\u00e1nyulhat egyetlen elj\u00e1r\u00e1si cselekm\u00e9nyre, de lehet egy sok \u00e9vig tart\u00f3 k\u00f6z\u00f6s egy\u00fcttm\u0171k\u00f6d\u00e9s, melynek sor\u00e1n az \u00d6n ig\u00e9ny\u00e9nek megfelel\u0151en folyamatosan t\u00e1j\u00e9koztatom a fejlem\u00e9nyekr\u0151l. A megb\u00edz\u00e1sra ir\u00e1nyul\u00f3 meg\u00e1llapod\u00e1s r\u00e9sze az \u00fcgyv\u00e9di munkad\u00edj is, mely az \u00fcgy minden l\u00e9nyeges k\u00f6r\u00fclm\u00e9ny\u00e9nek tiszt\u00e1z\u00e1sa ut\u00e1n hat\u00e1rozok meg. <br> <a class=\"to-the-top\" href=\"#site-header\"> <span class=\"to-the-top-long\"> Lap tetej\u00e9re <span class=\"arrow\" aria-hidden=\"true\">\u2191<\/span> <\/span> <span class=\"to-the-top-short\"> Fel <span class=\"arrow\" aria-hidden=\"true\">\u2191<\/span> <\/span> <\/a> <\/p>\n\n\n\n<hr class=\"wp-block-separator\"\/>\n\n\n\n<figure class=\"wp-block-image size-large\"><img loading=\"lazy\" decoding=\"async\" width=\"1024\" height=\"783\" src=\"http:\/\/104.155.22.190\/wp-content\/uploads\/2020\/04\/festm\u00e9ny-1-1024x783.jpg\" alt=\"\" class=\"wp-image-53\" srcset=\"https:\/\/vadaszandras.hu\/wp-content\/uploads\/2020\/04\/festm\u00e9ny-1-1024x783.jpg 1024w, https:\/\/vadaszandras.hu\/wp-content\/uploads\/2020\/04\/festm\u00e9ny-1-300x229.jpg 300w, https:\/\/vadaszandras.hu\/wp-content\/uploads\/2020\/04\/festm\u00e9ny-1-768x587.jpg 768w, https:\/\/vadaszandras.hu\/wp-content\/uploads\/2020\/04\/festm\u00e9ny-1-1536x1174.jpg 1536w, https:\/\/vadaszandras.hu\/wp-content\/uploads\/2020\/04\/festm\u00e9ny-1-2048x1566.jpg 2048w, https:\/\/vadaszandras.hu\/wp-content\/uploads\/2020\/04\/festm\u00e9ny-1-1200x917.jpg 1200w, https:\/\/vadaszandras.hu\/wp-content\/uploads\/2020\/04\/festm\u00e9ny-1-1980x1514.jpg 1980w\" sizes=\"auto, (max-width: 1024px) 100vw, 1024px\" \/><\/figure>\n\n\n\n<h2 class=\"wp-block-heading\" id=\"okirat\">Okiratszerkeszt\u00e9s<\/h2>\n\n\n\n<p class=\"has-text-align-justify\">A jogi k\u00e9pviselet gyakran \u00f6sszekapcsol\u00f3dik \u00fcgyv\u00e9di okiratszerkeszt\u00e9si tev\u00e9kenys\u00e9ggel. Itt els\u0151sorban olyan jog\u00fcgyletekre gondolok, melyek sor\u00e1n az \u00fcgyv\u00e9di megb\u00edz\u00e1s els\u0151sorban meghat\u00e1rozott okiratok elk\u00e9sz\u00edt\u00e9s\u00e9re ir\u00e1nyul. Ezek igen sokf\u00e9l\u00e9k lehetnek, p\u00e9ld\u00e1ul ingatlan ad\u00e1sv\u00e9teli szerz\u0151d\u00e9s, gazdas\u00e1gi t\u00e1rsas\u00e1g l\u00e9tes\u00edt\u0151 okirata, t\u00e1rsash\u00e1zi alap\u00edt\u00f3 okirat, h\u00e1zass\u00e1gi vagyonjogi szerz\u0151d\u00e9s, v\u00e9grendelet. Az \u00e1ltalam k\u00e9sz\u00edtett okiratok a v\u00e1ltoz\u00f3 jogszab\u00e1lyi k\u00f6rnyezetben is alkalmasak arra, hogy az \u00d6n sz\u00e1nd\u00e9k\u00e1nak megfelel\u0151 jogi hat\u00e1st kiv\u00e1ltva azok alapj\u00e1n ak\u00e1r a c\u00e9gelj\u00e1r\u00e1sban, ak\u00e1r az ingatlan-nyilv\u00e1ntart\u00e1si elj\u00e1r\u00e1sban, ak\u00e1r m\u00e1s elj\u00e1r\u00e1sokban eredm\u00e9nyesen felhaszn\u00e1l\u00e1sra ker\u00fcljenek. <br> <a class=\"to-the-top\" href=\"#site-header\"> <span class=\"to-the-top-long\"> Lap tetej\u00e9re <span class=\"arrow\" aria-hidden=\"true\">\u2191<\/span> <\/span> <span class=\"to-the-top-short\"> Fel <span class=\"arrow\" aria-hidden=\"true\">\u2191<\/span> <\/span> <\/a> <\/p>\n","protected":false},"excerpt":{"rendered":"<p>Jogi tan\u00e1csad\u00e1s Jogi k\u00e9pviselet Okiratszerkeszt\u00e9s Jogi tan\u00e1csad\u00e1s Tulajdonk\u00e9ppen minden \u00fcgyv\u00e9di k\u00e9pviseletre ir\u00e1nyul\u00f3 megb\u00edz\u00e1st tan\u00e1csad\u00e1s el\u0151z meg, de nem minden jogi tan\u00e1csad\u00e1st kell k\u00f6vetnie megb\u00edz\u00e1snak. A tan\u00e1csad\u00e1s c\u00e9lja, hogy az ott kapott r\u00e9szletes inform\u00e1ci\u00f3k alapj\u00e1n \u00d6n eld\u00f6nthesse, hogy merre haladjon tov\u00e1bb. Lehet, hogy a tan\u00e1csad\u00e1s alapj\u00e1n kider\u00fcl, hogy az \u00d6n helyzet\u00e9ben nincs sz\u00fcks\u00e9g tov\u00e1bbi jogi l\u00e9p\u00e9sek [&hellip;]<\/p>\n","protected":false},"author":1,"featured_media":0,"parent":0,"menu_order":0,"comment_status":"closed","ping_status":"closed","template":"","meta":{"_editorskit_title_hidden":false,"_editorskit_reading_time":2,"_editorskit_is_block_options_detached":false,"_editorskit_block_options_position":"{}","footnotes":""},"class_list":["post-47","page","type-page","status-publish","hentry"],"yoast_head":"<!-- This site is optimized with the Yoast SEO Premium plugin v24.7 (Yoast SEO v24.7) - https:\/\/yoast.com\/wordpress\/plugins\/seo\/ -->\n<title>Szolg\u00e1ltat\u00e1saim - dr. Vad\u00e1sz Andr\u00e1s<\/title>\n<meta name=\"description\" content=\"Vegyes profil\u00fa \u00fcgyv\u00e9d D\u00e9l-Pesten jogi seg\u00edts\u00e9get ny\u00fajt b\u00fcntet\u0151jog, csal\u00e1di jog, polg\u00e1ri jog, ingatlanjog, t\u00e1rsas\u00e1gi jog ter\u00fclet\u00e9n.\" \/>\n<meta name=\"robots\" content=\"index, follow, max-snippet:-1, max-image-preview:large, max-video-preview:-1\" \/>\n<link rel=\"canonical\" href=\"https:\/\/vadaszandras.hu\/index.php\/szolgaltatasaim\/\" \/>\n<meta property=\"og:locale\" content=\"hu_HU\" \/>\n<meta property=\"og:type\" content=\"article\" \/>\n<meta property=\"og:title\" content=\"Szolg\u00e1ltat\u00e1saim\" \/>\n<meta property=\"og:description\" content=\"Vegyes profil\u00fa \u00fcgyv\u00e9d D\u00e9l-Pesten jogi seg\u00edts\u00e9get ny\u00fajt b\u00fcntet\u0151jog, csal\u00e1di jog, polg\u00e1ri jog, ingatlanjog, t\u00e1rsas\u00e1gi jog ter\u00fclet\u00e9n.\" \/>\n<meta property=\"og:url\" content=\"https:\/\/vadaszandras.hu\/index.php\/szolgaltatasaim\/\" \/>\n<meta property=\"og:site_name\" content=\"dr. Vad\u00e1sz Andr\u00e1s\" \/>\n<meta property=\"article:modified_time\" content=\"2021-07-12T18:07:16+00:00\" \/>\n<meta name=\"twitter:card\" content=\"summary_large_image\" \/>\n<meta name=\"twitter:label1\" content=\"Becs\u00fclt olvas\u00e1si id\u0151\" \/>\n\t<meta name=\"twitter:data1\" content=\"2 perc\" \/>\n<script type=\"application\/ld+json\" class=\"yoast-schema-graph\">{\"@context\":\"https:\/\/schema.org\",\"@graph\":[{\"@type\":\"WebPage\",\"@id\":\"https:\/\/vadaszandras.hu\/index.php\/szolgaltatasaim\/\",\"url\":\"https:\/\/vadaszandras.hu\/index.php\/szolgaltatasaim\/\",\"name\":\"Szolg\u00e1ltat\u00e1saim - dr. Vad\u00e1sz Andr\u00e1s\",\"isPartOf\":{\"@id\":\"https:\/\/vadaszandras.hu\/#website\"},\"datePublished\":\"2020-04-06T17:41:58+00:00\",\"dateModified\":\"2021-07-12T18:07:16+00:00\",\"description\":\"Vegyes profil\u00fa \u00fcgyv\u00e9d D\u00e9l-Pesten jogi seg\u00edts\u00e9get ny\u00fajt b\u00fcntet\u0151jog, csal\u00e1di jog, polg\u00e1ri jog, ingatlanjog, t\u00e1rsas\u00e1gi jog ter\u00fclet\u00e9n.\",\"inLanguage\":\"hu\",\"potentialAction\":[{\"@type\":\"ReadAction\",\"target\":[\"https:\/\/vadaszandras.hu\/index.php\/szolgaltatasaim\/\"]}]},{\"@type\":\"WebSite\",\"@id\":\"https:\/\/vadaszandras.hu\/#website\",\"url\":\"https:\/\/vadaszandras.hu\/\",\"name\":\"dr. Vad\u00e1sz Andr\u00e1s\",\"description\":\"\",\"publisher\":{\"@id\":\"https:\/\/vadaszandras.hu\/#\/schema\/person\/b07396c76375f0ad7415333033d4659b\"},\"potentialAction\":[{\"@type\":\"SearchAction\",\"target\":{\"@type\":\"EntryPoint\",\"urlTemplate\":\"https:\/\/vadaszandras.hu\/?s={search_term_string}\"},\"query-input\":{\"@type\":\"PropertyValueSpecification\",\"valueRequired\":true,\"valueName\":\"search_term_string\"}}],\"inLanguage\":\"hu\"},{\"@type\":[\"Person\",\"Organization\"],\"@id\":\"https:\/\/vadaszandras.hu\/#\/schema\/person\/b07396c76375f0ad7415333033d4659b\",\"name\":\"admin\",\"image\":{\"@type\":\"ImageObject\",\"inLanguage\":\"hu\",\"@id\":\"https:\/\/vadaszandras.hu\/#\/schema\/person\/image\/\",\"url\":\"http:\/\/vadaszandras.hu\/wp-content\/uploads\/2020\/04\/icon.png\",\"contentUrl\":\"http:\/\/vadaszandras.hu\/wp-content\/uploads\/2020\/04\/icon.png\",\"width\":512,\"height\":512,\"caption\":\"admin\"},\"logo\":{\"@id\":\"https:\/\/vadaszandras.hu\/#\/schema\/person\/image\/\"},\"sameAs\":[\"http:\/\/104.155.22.190\"]}]}<\/script>\n<!-- \/ Yoast SEO Premium plugin. -->","yoast_head_json":{"title":"Szolg\u00e1ltat\u00e1saim - dr. Vad\u00e1sz Andr\u00e1s","description":"Vegyes profil\u00fa \u00fcgyv\u00e9d D\u00e9l-Pesten jogi seg\u00edts\u00e9get ny\u00fajt b\u00fcntet\u0151jog, csal\u00e1di jog, polg\u00e1ri jog, ingatlanjog, t\u00e1rsas\u00e1gi jog ter\u00fclet\u00e9n.","robots":{"index":"index","follow":"follow","max-snippet":"max-snippet:-1","max-image-preview":"max-image-preview:large","max-video-preview":"max-video-preview:-1"},"canonical":"https:\/\/vadaszandras.hu\/index.php\/szolgaltatasaim\/","og_locale":"hu_HU","og_type":"article","og_title":"Szolg\u00e1ltat\u00e1saim","og_description":"Vegyes profil\u00fa \u00fcgyv\u00e9d D\u00e9l-Pesten jogi seg\u00edts\u00e9get ny\u00fajt b\u00fcntet\u0151jog, csal\u00e1di jog, polg\u00e1ri jog, ingatlanjog, t\u00e1rsas\u00e1gi jog ter\u00fclet\u00e9n.","og_url":"https:\/\/vadaszandras.hu\/index.php\/szolgaltatasaim\/","og_site_name":"dr. Vad\u00e1sz Andr\u00e1s","article_modified_time":"2021-07-12T18:07:16+00:00","twitter_card":"summary_large_image","twitter_misc":{"Becs\u00fclt olvas\u00e1si id\u0151":"2 perc"},"schema":{"@context":"https:\/\/schema.org","@graph":[{"@type":"WebPage","@id":"https:\/\/vadaszandras.hu\/index.php\/szolgaltatasaim\/","url":"https:\/\/vadaszandras.hu\/index.php\/szolgaltatasaim\/","name":"Szolg\u00e1ltat\u00e1saim - dr. Vad\u00e1sz Andr\u00e1s","isPartOf":{"@id":"https:\/\/vadaszandras.hu\/#website"},"datePublished":"2020-04-06T17:41:58+00:00","dateModified":"2021-07-12T18:07:16+00:00","description":"Vegyes profil\u00fa \u00fcgyv\u00e9d D\u00e9l-Pesten jogi seg\u00edts\u00e9get ny\u00fajt b\u00fcntet\u0151jog, csal\u00e1di jog, polg\u00e1ri jog, ingatlanjog, t\u00e1rsas\u00e1gi jog ter\u00fclet\u00e9n.","inLanguage":"hu","potentialAction":[{"@type":"ReadAction","target":["https:\/\/vadaszandras.hu\/index.php\/szolgaltatasaim\/"]}]},{"@type":"WebSite","@id":"https:\/\/vadaszandras.hu\/#website","url":"https:\/\/vadaszandras.hu\/","name":"dr. Vad\u00e1sz Andr\u00e1s","description":"","publisher":{"@id":"https:\/\/vadaszandras.hu\/#\/schema\/person\/b07396c76375f0ad7415333033d4659b"},"potentialAction":[{"@type":"SearchAction","target":{"@type":"EntryPoint","urlTemplate":"https:\/\/vadaszandras.hu\/?s={search_term_string}"},"query-input":{"@type":"PropertyValueSpecification","valueRequired":true,"valueName":"search_term_string"}}],"inLanguage":"hu"},{"@type":["Person","Organization"],"@id":"https:\/\/vadaszandras.hu\/#\/schema\/person\/b07396c76375f0ad7415333033d4659b","name":"admin","image":{"@type":"ImageObject","inLanguage":"hu","@id":"https:\/\/vadaszandras.hu\/#\/schema\/person\/image\/","url":"http:\/\/vadaszandras.hu\/wp-content\/uploads\/2020\/04\/icon.png","contentUrl":"http:\/\/vadaszandras.hu\/wp-content\/uploads\/2020\/04\/icon.png","width":512,"height":512,"caption":"admin"},"logo":{"@id":"https:\/\/vadaszandras.hu\/#\/schema\/person\/image\/"},"sameAs":["http:\/\/104.155.22.190"]}]}},"_links":{"self":[{"href":"https:\/\/vadaszandras.hu\/index.php\/wp-json\/wp\/v2\/pages\/47","targetHints":{"allow":["GET"]}}],"collection":[{"href":"https:\/\/vadaszandras.hu\/index.php\/wp-json\/wp\/v2\/pages"}],"about":[{"href":"https:\/\/vadaszandras.hu\/index.php\/wp-json\/wp\/v2\/types\/page"}],"author":[{"embeddable":true,"href":"https:\/\/vadaszandras.hu\/index.php\/wp-json\/wp\/v2\/users\/1"}],"replies":[{"embeddable":true,"href":"https:\/\/vadaszandras.hu\/index.php\/wp-json\/wp\/v2\/comments?post=47"}],"version-history":[{"count":40,"href":"https:\/\/vadaszandras.hu\/index.php\/wp-json\/wp\/v2\/pages\/47\/revisions"}],"predecessor-version":[{"id":258,"href":"https:\/\/vadaszandras.hu\/index.php\/wp-json\/wp\/v2\/pages\/47\/revisions\/258"}],"wp:attachment":[{"href":"https:\/\/vadaszandras.hu\/index.php\/wp-json\/wp\/v2\/media?parent=47"}],"curies":[{"name":"wp","href":"https:\/\/api.w.org\/{rel}","templated":true}]}}